common factor of 3 and c.
3
Let g be ((2 - 3) + 3)*66. Let k = -2193 - -2217. Calculate the greatest common divisor of k and g.
12
Suppose 5*m + 1487 = -2*s, -2*s - 7*m = -3*m + 1486. Let w = 758 + s. What is the highest common factor of w and 187?
17
Let s(r) = -7*r + 164. Let m be s(22). Suppose 0 = 7*c - 5*c - 660. Suppose w = -2*w + c. Calculate the highest common divisor of w and m.
10
Let b(j) = 2*j**2 - 21*j - 310. Let s be b(-13). Suppose 35*i = 33*i + 14. What is the greatest common factor of i and s?
7
Suppose 6349 = 3*a - 4*s, -a - 9*s + 2115 = -10*s. Suppose -21*u + a = -31. What is the greatest common factor of u and 34?
34
Suppose -5*t + 808 = -3*t. Let a = -292 + t. What is the greatest common factor of 80 and a?
16
Suppose 2*f + 14 = -4*m - 34, 2*m + 80 = -3*f. Let y be (-1098)/(-14) + 12/f. Suppose -z - 5*z = -y. Calculate the greatest common divisor of 13 and z.
13
Let g(x) = -35*x**3 - 6*x**2 - 3*x - 9. Let s be g(-3). Calculate the highest common divisor of 54 and s.
27
Let n(d) = 5*d + 1495. Let f be n(46). What is the greatest common divisor of f and 46?
23
Let o = 959 + -909. Calculate the highest common divisor of o and 3775.
25
Suppose -187056 = -29*f + 13*f. What is the greatest common divisor of 27 and f?
27
Suppose -10 + 19 = y. Let t = -4877 + 6002. Calculate the greatest common divisor of t and y.
9
Suppose 25*s - 23 = 24*s - 4*p, 15 = 5*p. Suppose 0 = -5*o + 3690 - 1215. Suppose -3*m = 2*m - o. Calculate the highest common divisor of s and m.
11
Let n = 2 + 38. Let b be 1/((-15)/(-6))*n. Let d(y) = -2*y**2 - 65*y + 41. Let k be d(-33). Calculate the greatest common factor of k and b.
8
Suppose 3*a = -2*h + 292, -2*h + 172 + 108 = -3*a. What is the highest common divisor of h and 481?
13
Let i be 1 + ((-21)/(-3) - 5). Let v be (0 + -8)/(-4*i/24). Suppose 10*b = 174 + v. What is the highest common divisor of 76 and b?
19
Let b(m) = 2*m**2 - 3*m + 36. Let r be b(-8). Let o be 6/(-4 + r/44). Calculate the highest common factor of o and 77.
11
Suppose -v = w - 73 + 9, 3*w - 4*v = 220. Suppose -w = -4*k - 4*f, -6 - 31 = -k + 3*f. What is the highest common factor of k and 286?
22
Let u be (-2 - 100/(-14))*(-42)/(-9). Let j = 9 - 5. Suppose j*m + q = -0*q + 91, 0 = 4*m - 3*q - 111. What is the greatest common divisor of u and m?
24
Let o(j) = j**2 - 3*j - 4. Let r be o(6). Let c(g) = -51*g - 39. Let l be c(-6). Let a = 379 - l. What is the highest common factor of a and r?
14
Suppose -2*w + 1 = 3*x - 3, -4*x + 5*w + 36 = 0. Suppose -34 - 61 = -5*h. What is the greatest common divisor of h and x?
1
Suppose s + 2*i = 0, -6*i = -3*s - i + 11. Let g = 2 - 5. Let b be (3*g/(-18))/(s/12). What is the highest common divisor of 75 and b?
3
Let z(f) = f**3 - 19*f**2 + 18*f - 4. Let j be z(18). Let s(m) = -m**3 - 3*m**2 - m - 10. Let p be s(j). What is the highest common factor of p and 90?
10
Let f(w) = -5*w**3 - 13*w**2 + 34*w + 299. Let g be f(-13). What is the highest common factor of g and 95?
95
Let w(y) = 108*y**2 - 10*y + 14. Let q be 120/(-30) - (-8)/1. Let t be w(q). What is the highest common divisor of 74 and t?
74
Let k be (-120)/(-72)*(-558)/(-2). Suppose u - 504 = -k. What is the greatest common factor of u and 13?
13
Let n = -2756 - -2784. What is the highest common divisor of n and 2674?
14
Let b = -22 - -36. Suppose b*a - 195 = 2577. Calculate the highest common factor of 6 and a.
6
Let s be (-16)/(4 + 18/(-4)). Let j be (8 - 32/5)/(6/15). Calculate the greatest common divisor of j and s.
4
Let d = 48718 - 23901. What is the highest common factor of d and 26?
13
Suppose 21*a = 24*a - 1875. Suppose -6*s = 2*n - s - a, 3*n - s = 980. Calculate the highest common divisor of n and 13.
13
Let b(v) = v**3 + 65*v**2 - 90*v - 495. Let h be b(-66). What is the greatest common divisor of h and 968?
121
Let n = 0 - -20. Suppose 5*f = 5*l + 175 + 85, 5*f = -l + 308. What is the highest common divisor of n and f?
20
Let d be ((-162)/(-27))/((-7)/2 + 2). Let v(f) = -10*f - 22. Let s be v(d). Calculate the greatest common factor of s and 144.
18
Let w(z) = z**3 - 308*z**2 + 11178*z - 37. Let k be w(42). Suppose 0*m + 86 = 2*m. What is the highest common factor of m and k?
43
Let k(b) = -b**2 - 52*b - 35. Let u = 458 - 503. Let c be k(u). What is the greatest common divisor of c and 112?
56
Let p(j) = -j**3 - 16*j**2 - 41*j - 24. Let o be p(-13). Let n be ((-110)/(-4) - 1) + o/4. What is the greatest common divisor of 15 and n?
3
Suppose 143*i = 113*i + 9150. Let l = -272 + i. What is the greatest common factor of l and 726?
33
Let j = 991 - 988. Let s be 2/(-4) - (638/(-4) - 0). Calculate the highest common factor of s and j.
3
Let u = 81 - 68. Suppose 0 = 5*d - u*d + 432. Let a = d + -52. What is the highest common factor of a and 2?
2
Let b = -310 + 32. Let k be -3 - (b - (-4 - 1)). What is the highest common factor of k and 60?
30
Let u be 14/(-63) + (-22)/(-18) + 83. Suppose 5*i = u + 426. Calculate the greatest common divisor of 170 and i.
34
Suppose 0 = 12*t - 32*t + 160. Suppose 5*x - 5 = 0, -t*x - 130 = -3*d - 3*x. Let r be 2/(-7) - 107/(-7). What is the greatest common divisor of r and d?
15
Let a(x) = 2*x - 14. Let w(d) = d**3 - 4*d**2 - 8*d + 10. Let q be w(5). Let s be (-57)/q - 2/5. Let m be a(s). What is the greatest common factor of m and 12?
4
Let h(q) = -117*q - 33. Let r be h(-1). Suppose -5*a = 4*a - 108. What is the highest common factor of a and r?
12
Let t(f) = 11*f**2 + 6*f + 8. Let w be t(-4). Suppose -104 = 3*b - 296. Calculate the highest common factor of w and b.
32
Let l be (10/8*(-134)/335)/((-2)/748). What is the greatest common factor of l and 20944?
187
Suppose -101*b = 68*b - 4394. What is the highest common divisor of b and 3705?
13
Let g = -97 - -108. Let l = -353 + 386. What is the greatest common divisor of l and g?
11
Let v = -3072 + 3772. What is the highest common divisor of 84 and v?
28
Suppose 6*h + 654 = 696. Suppose h*t + 52 - 136 = 0. Calculate the highest common factor of t and 768.
12
Let g = 20969 - 20411. Calculate the greatest common factor of 310 and g.
62
Suppose -m - s + 19 = -8, -4*s = 2*m - 48. Suppose -u + 4*u = 12, 5*v + 5*u - 130 = 0. Let w = v - 16. Calculate the highest common divisor of w and m.
6
Suppose -3 = d - 0*r - 2*r, 5*r + 31 = -d. Let i be (16 + d)*-3*22/(-15). What is the greatest common divisor of 66 and i?
22
Suppose 4*m = 4*b - 68, -6*b - 4*m - 92 = -11*b. What is the greatest common factor of 6184 and b?
8
Let f = -24 + 88. Suppose -2*w + 2*i + 0*i + f = 0, 5*i = -5*w + 130. Calculate the greatest common divisor of 116 and w.
29
Let i be (-24)/(-14) + (12/(-21))/(-2). Let o(t) = 23*t + 10 + 6 - 6 - t**i. Let a be o(15). Calculate the greatest common factor of 10 and a.
10
Let u(h) = h**3 + 15*h**2 - 14*h - 52. Let k be u(-13). Suppose -k = -5*w + w. What is the highest common divisor of w and 18?
9
Let o = 8504 - 4388. Calculate the highest common factor of 12 and o.
12
Let f(q) be the second derivative of q**3 - 11*q**2/2 - 133*q. Let j be f(4). Calculate the highest common factor of 702 and j.
13
Suppose -272*i + 293*i = 14112. Calculate the greatest common factor of i and 21.
21
Let j(p) = 7*p**2 - 81*p + 432. Let f be j(20). Calculate the highest common factor of f and 52.
52
Let x(g) = -6*g + 86. Let i be x(13). Suppose -q - 28 = -i*q. Calculate the highest common divisor of 12 and q.
4
Suppose -4 = -n - 0, -3*n + 122 = 5*m. Let l = m + 10. Calculate the highest common divisor of 16 and l.
16
Let i = -91 - -131. Suppose -4*l = -4*j + i, -2 = -j - 2*l - 4. Suppose -108*f + 49*f + 34*f = -1350. What is the greatest common factor of f and j?
6
Suppose 0 = -l + 331*b - 330*b + 1078, -2*l = 6*b - 2204. Calculate the greatest common factor of l and 6775.
271
Suppose 7 = -11*y + 40. Suppose y*w + 386 + 124 = 5*r, 5*r - 515 = 4*w. What is the greatest common divisor of 33 and r?
33
Suppose 1606 + 1019 = 21*j. What is the greatest common factor of 575 and j?
25
Suppose 0 = -0*x - 6*x + 360. Let f = -54 + x. Let z be 16/(-20)*(-30)/24. What is the highest common factor of f and z?
1
Suppose -48 = -27*p + 23*p. Let k = p - 10. Suppose 4*u = 2*n - 42, -2*n + k*u = u - 33. What is the greatest common divisor of n and 90?
15
Suppose 20*b - 18*b = 72. Let u 